17. Suppose g*b - 7*b + 154 = 0. List the prime factors of b.
7, 11
Suppose 0 = -r + 4*x + 464 - 23, x - 837 = -2*r. List the prime factors of r.
421
Let i be (0/(-2))/(2 - 3). Let q(r) = r**3 - 4*r**2 - 3*r - 6. Let b be q(5). Suppose -b*u - 28 + 216 = i. What are the prime factors of u?
47
Let v = 30 - 24. Suppose -11*f = -v*f - 445. List the prime factors of f.
89
Let y = -100 + 140. What are the prime factors of y?
2, 5
Suppose 17 = 4*v + 3*u, 3*u - 11 = -2*v + 2*u. Let l be v*((-9)/6 - -2). Suppose 0 = l*o - 2*o - 42. What are the prime factors of o?
3, 7
Let x = 3 + -1. Let u(n) = -2*n - 4*n**3 + 5*n**3 - 3 + 1 + 4*n**x + 0*n**3. What are the prime factors of u(-4)?
2, 3
Let y = -6 - 8. Let q be (y/(-4) + -3)*0. Suppose q = 3*j + 2*j - 60. List the prime factors of j.
2, 3
Suppose -2*v + 5*s = -4690, -2*v = -6*v + 5*s + 9390. List the prime factors of v.
2, 5, 47
Let n be 20/6*84/70. Suppose -n*j - i = -j - 41, 3*j = i + 31. What are the prime factors of j?
2, 3
Let t(j) = -3*j - 16. Let x be t(-6). Suppose -5*m - z = -532, 216 = x*m + z + z. What are the prime factors of m?
2, 53
Let v = -1499 - -2545. List the prime factors of v.
2, 523
Let q(v) = v**3 - v**2 - v + 7. Let a be q(-3). Let z = a - -52. What are the prime factors of z?
2, 13
Let n be 5/(15/(-12)) + -8. Let w(r) = -5*r + 21. List the prime factors of w(n).
3
Let z(p) = 94*p + 764. What are the prime factors of z(23)?
2, 7, 11, 19
Suppose -3*z = -1960 + 448. List the prime factors of z.
2, 3, 7
Let m be 2/6 + (-24)/(-9). Let t = m - -4. Suppose -145 = -t*d + 198. What are the prime factors of d?
7
Suppose 7020 = 40*a - 14*a. List the prime factors of a.
2, 3, 5
Suppose 22*x - 160 = 17*x. Suppose v = f - 19, -2*f - v + 15 + 14 = 0. Let l = x - f. What are the prime factors of l?
2
Let y = 60 - -12. Suppose 0 = -7*z + 159 + y. What are the prime factors of z?
3, 11
Let i be (-2)/((-14)/(-33)) + (-30)/105. List the prime factors of (-282 + (i - -9))/(4/(-2)).
139
Suppose 5*n - 759 - 281 = 0. Let t = 307 - n. List the prime factors of t.
3, 11
Suppose -4*o = -8, -11*f + 4*o + 576 = -9*f. List the prime factors of f.
2, 73
Let k = 1088 + -291. What are the prime factors of k?
797
Suppose 3*p + 16 = x, 4*x + 3*p = -p + 112. List the prime factors of 1/((-2)/(-280))*20/x.
2, 7
Let i = -19 + 14. Let u = 0 - i. Suppose u*p - 144 = p. What are the prime factors of p?
2, 3
Let j be 1628/14 + 12/(-42). Let v = j + -83. List the prime factors of v.
3, 11
Suppose -1945 = -5*l + 5*x, l - 398 = -5*x + 3*x. What are the prime factors of l?
2, 7
Let a(y) = 5*y**3 - 1. Let u be a(1). Let f be 53 + (u/1)/2. Let o = f - 30. What are the prime factors of o?
5
Let g be (((-120)/7)/(-2))/((-2)/(-14)). Let d = g - 6. List the prime factors of d.
2, 3
Suppose a - 1 - 4 = 0. Suppose 0 = -3*w + 6, 17 = -d - a*w + 61. What are the prime factors of d?
2, 17
Let a be ((-30)/20)/((-1)/2). Suppose 0 = -u + 6*u + o - 26, -a*u = -4*o - 34. Let v = u + 1. List the prime factors of v.
7
Suppose -a - 3*d - 4 = 3, 23 = 4*a - 5*d. Let b be -2*(16/4)/8. List the prime factors of (b/a)/((-3)/54).
3
Suppose 32 = 7*y - 2*y + 3*c, -3*y + 2*c = -4. Suppose 0 = a + 3, -y*n = -6*a + 2*a - 200. What are the prime factors of n?
47
Suppose 0 = -33*s + 45*s - 57792. List the prime factors of s.
2, 7, 43
Let g = -26 + 19. Let u(f) = f**2 + 4*f + 12. List the prime factors of u(g).
3, 11
Suppose -28*v + 136028 = 34*v. List the prime factors of v.
2, 1097
Let x = -384 - -847. List the prime factors of x.
463
Let r(w) = 17*w + 831. List the prime factors of r(33).
2, 3, 29
Suppose 62*r - 78*r - 944 = 0. Suppose 3*t - 3 = 0, 0*c - 3*c + 3 = 3*t. What are the prime factors of r/(-1) + -2 + c?
3, 19
Suppose 5*i + 12 - 67 = 0. Suppose -i*k + 760 = -318. What are the prime factors of k?
2, 7
Suppose -3*g - 384 = 3*g. Let q = -30 - g. Suppose -x - 2*x = 2*v - q, 0 = -v - 1. What are the prime factors of x?
2, 3
Let y = 504 + -259. List the prime factors of y.
5, 7
Suppose 4*n - 4*w = 0, -2*n - 2*w + 5*w - 5 = 0. Suppose -y - 5*h - 24 - 7 = 0, -224 = n*y + 2*h. Let f = y - -99. List the prime factors of f.
53
Suppose 0 = 2*b + 3*b - 30. Suppose -3*w - 3*s + 33 = -b*s, 3*w - s = 23. Suppose -w*f = -9*f + 24. What are the prime factors of f?
2
Let o be 16/88 - (-7410)/22. Suppose -o = 8*u + 447. List the prime factors of (-1)/(-1 + (-96)/u).
7
Suppose -5*l + 490 = 5*d, 2*d - 65 - 337 = -4*l. Let q = l + -64. What are the prime factors of q?
3, 13
Let y be (-1095)/(-6 - -3) + 0. Suppose b - 4*b - y = -5*o, 0 = 3*b. List the prime factors of o.
73
Suppose -4*p - c = -391, -202 - 174 = -4*p - 4*c. Let q = p - 40. What are the prime factors of q?
59
Let g(m) = 1 + 0 - 2 - 2 + m. Let j be g(7). Suppose -2*x - 4 = -j*x. List the prime factors of x.
2
Suppose 4 + 6 = 5*s. Let v = s - -70. What are the prime factors of v?
2, 3
Suppose 6120 + 22264 = 16*h. List the prime factors of h.
2, 887
Let m be 0/(-3 - -4*1). Suppose m*y - 14 = -2*y. List the prime factors of -1 + y + (12 - 12).
2, 3
What are the prime factors of -61*(-1)/(-1)*-7?
7, 61
Let a(f) = f**3 + 8*f**2 - 5*f + 22. Let l be a(-9). List the prime factors of (-35)/l*232/4.
5, 29
Let t(a) = 3*a**2 + 14*a - 121. List the prime factors of t(12).
479
Let g = -69 - -31. Let w = g - -5. Let k = -10 - w. List the prime factors of k.
23
Let z(k) = -2*k - 12. Let v be z(-8). Let o be (-3 - (2 - v))/1. Let d = 21 + o. What are the prime factors of d?
2, 5
Let b(f) = 2*f**3 - 10*f**2 - 3*f + 25. What are the prime factors of b(6)?
79
Let k(u) = -21*u + 439. List the prime factors of k(0).
439
Let c(b) be the third derivative of -3*b**4/4 + 5*b**3/3 + 51*b**2. List the prime factors of c(-5).
2, 5
Suppose 2*w = 171 + 89. Let k = w + -62. What are the prime factors of k?
2, 17
Let i = 148 - -345. What are the prime factors of i?
17, 29
Suppose -25 = -5*u, -m - 5 = -5*u - 566. List the prime factors of m.
2, 293
Let y = -2636 - -4755. List the prime factors of y.
13, 163
Let q(m) = 5*m**2 - 5. Let d be q(-4). Let v = d - -5. What are the prime factors of v?
2, 5
Suppose 0 = 9*x - 2*x - 2044. What are the prime factors of x?
2, 73
Let f = -4547 - -6552. What are the prime factors of f?
5, 401
List the prime factors of 91683/90 + 3/10.
1019
Suppose 0 = 3*c - 10 - 56. Suppose -2*w = 5*f - 315 - c, 5*w + 4*f = 834. Suppose 4*b - w = -38. What are the prime factors of b?
2
Suppose 0 = 2*y - z - 1895, -z + 321 = 2*y - 1572. List the prime factors of y.
947
What are the prime factors of 339/5*195/117?
113
Suppose -4*p = z - 2002 - 5221, 3607 = 2*p - z. List the prime factors of p.
5, 19
Let f(i) = 24*i**3 + 5*i**2 - 8*i + 13. What are the prime factors of f(3)?
2, 11, 31
Suppose 7 = 2*o - 5. Suppose -16*v = -o*v - 100. List the prime factors of v.
2, 5
Let a(y) = 35*y - 9. Suppose -4*w + 24 - 10 = -m, -3*m + 33 = 3*w. List the prime factors of a(m).
3, 67
Suppose 0 = -3*n - 5*w + 2869, -3011 - 816 = -4*n - 5*w. What are the prime factors of n?
2, 479
Let i(f) = -23*f + 49. What are the prime factors of i(-35)?
2, 7, 61
Suppose -71 = 5*l - 1201. What are the prime factors of l?
2, 113
Let a = -30 + 23. Let q(t) = -13*t - 27. List the prime factors of q(a).
2
Let m be (-2)/(-6)*-3*-9. Suppose -m*u + 4*u = -710. Let j = -99 + u. List the prime factors of j.
43
Let f = -15 + 7. Let o be (-8 - -5)*f/3. Suppose -2*i + o + 11 = z, 4*z - 5*i = 11. List the prime factors of z.
3
Let i = 82 - 49. Suppose -5*m + 65 = -5*u, -2*m - 2*u + 1 + i = 0. What are the prime factors of 38/4 - m/30?
3
Let m(i) = 5*i**3 + 2*i**2 + 8*i - 11. List the prime factors of m(6).
29, 41
Let t(z) = 2*z - 5. Let g be t(7). Let m(j) = 7*j + 30. List the prime factors of m(g).
3, 31
Let s(v) = 2*v**2 + 34*v + 13. List the prime factors of s(-26).
13, 37
Let k = 823 + 6162. What are the prime factors of k/143 + (-2)/(-13)?
7
Let a(q) = 6*q - 18. Let w be a(-8). Let f = 145 + w. What are the prime factors of f?
79
Suppose 0 = -4*y + y + 9. Let a = y - -9. Suppose 0*x = -x + a. List the prime factors of x.
2, 3
Suppose 5*g + 22 = -33. Let a = g + 12. What are the prime factors of a/(-5) - 2034/(-45)?
3, 5
Let f(u) = 26*u**2 - 55*u + 1. What are the prime factors of f(4)?
197
Suppose -11*r - 3232 = -z - 10*r, r + 16172 = 5*z. What are the